



{"id":15731,"date":"2024-03-26T08:18:36","date_gmt":"2024-03-26T07:18:36","guid":{"rendered":"https:\/\/mehr-walter.de\/cms\/?page_id=15731"},"modified":"2024-03-26T08:25:20","modified_gmt":"2024-03-26T07:25:20","slug":"haarverlaengerung-2","status":"publish","type":"page","link":"https:\/\/mehr-walter.de\/cms\/friseur\/haarverlaengerung-2\/","title":{"rendered":"Haarverdichtung und Haarverl\u00e4ngerung von Great Lengths"},"content":{"rendered":"<div id=\"cmsmasters_row_1idx792d26\" class=\"cmsmasters_row cmsmasters_color_scheme_default cmsmasters_row_top_default cmsmasters_row_bot_default cmsmasters_row_fullwidth\">\n<div class=\"cmsmasters_row_outer_parent\">\n<div class=\"cmsmasters_row_outer\">\n<div class=\"cmsmasters_row_inner cmsmasters_row_fullwidth\">\n<div class=\"cmsmasters_row_margin\">\n<div id=\"cmsmasters_column_tz30tepq74\" class=\"cmsmasters_column one_first\">\n<div class=\"cmsmasters_column_inner\"><div class=\"aligncenter\"><div class=\"cmsmasters_img  cmsmasters_image_c\"><img decoding=\"async\" src=\"https:\/\/mehr-walter.de\/cms\/wp-content\/uploads\/2024\/03\/haarverlaengerung-friseur-abstatt-walter.png\" \/><\/div><\/div>\n<\/div><\/div>\n<\/div>\n<\/div>\n<\/div>\n<\/div>\n<\/div>\n<div id=\"cmsmasters_row_vco93vas5s\" class=\"cmsmasters_row cmsmasters_color_scheme_default cmsmasters_row_top_default cmsmasters_row_bot_default cmsmasters_row_boxed\">\n<div class=\"cmsmasters_row_outer_parent\">\n<div class=\"cmsmasters_row_outer\">\n<div class=\"cmsmasters_row_inner\">\n<div class=\"cmsmasters_row_margin\">\n<div id=\"cmsmasters_column_o0nicano3w\" class=\"cmsmasters_column one_first\">\n<div class=\"cmsmasters_column_inner\"><div class=\"cmsmasters_text\">\n<h2 style=\"text-align: center;\"><strong>Alles ist m\u00f6glich.<\/strong><br \/>\nTr\u00e4ume nicht l\u00e4nger von wundersch\u00f6nen, dichten oder langen Haaren&#8230;<\/h2>\n<h4 style=\"text-align: center;\">Mit <strong>Great Lengths<\/strong> haben wir die M\u00f6glichkeit, Dein Haar in Traumhaar zu verwandeln.<\/h4>\n<\/div>\n<\/div><\/div>\n<\/div>\n<\/div>\n<\/div>\n<\/div>\n<\/div>\n<div id=\"cmsmasters_row_pb0e8rfya\" class=\"cmsmasters_row cmsmasters_color_scheme_default cmsmasters_row_top_default cmsmasters_row_bot_default cmsmasters_row_fullwidth\">\n<div class=\"cmsmasters_row_outer_parent\">\n<div class=\"cmsmasters_row_outer\">\n<div class=\"cmsmasters_row_inner cmsmasters_row_fullwidth\">\n<div class=\"cmsmasters_row_margin\">\n<div id=\"cmsmasters_column_rlhxo938b9\" class=\"cmsmasters_column one_first\">\n<div class=\"cmsmasters_column_inner\"><div class=\"aligncenter\"><div class=\"cmsmasters_img  cmsmasters_image_c\"><img decoding=\"async\" src=\"https:\/\/mehr-walter.de\/cms\/wp-content\/uploads\/2024\/03\/haarverlaengerung-friseur-abstatt-walter-2.png\" \/><\/div><\/div>\n<\/div><\/div>\n<\/div>\n<\/div>\n<\/div>\n<\/div>\n<\/div>\n<div id=\"cmsmasters_row_5kj093c1wn\" class=\"cmsmasters_row cmsmasters_color_scheme_default cmsmasters_row_top_default cmsmasters_row_bot_default cmsmasters_row_boxed\">\n<div class=\"cmsmasters_row_outer_parent\">\n<div class=\"cmsmasters_row_outer\">\n<div class=\"cmsmasters_row_inner\">\n<div class=\"cmsmasters_row_margin\">\n<div id=\"cmsmasters_column_30e6r6eh1e\" class=\"cmsmasters_column one_first\">\n<div class=\"cmsmasters_column_inner\"><div class=\"cmsmasters_text\">\n<h2 style=\"text-align: center;\">Noch nie gab es eine derart fantastische F\u00fclle von Farben, Strukturen, L\u00e4ngen und Stylings.<\/h2>\n<h4 style=\"text-align: center;\">Noch nie konnte derart frei nach Lust und Laune gew\u00e4hlt werden.<br \/>\nQualit\u00e4t und Haarschonung stehen bei uns an erster Stelle.<\/h4>\n<\/div>\n<\/div><\/div>\n<\/div>\n<\/div>\n<\/div>\n<\/div>\n<\/div>\n<div id=\"cmsmasters_row_arutyrmktu\" class=\"cmsmasters_row cmsmasters_color_scheme_default cmsmasters_row_top_default cmsmasters_row_bot_default cmsmasters_row_fullwidth\">\n<div class=\"cmsmasters_row_outer_parent\">\n<div class=\"cmsmasters_row_outer\">\n<div class=\"cmsmasters_row_inner cmsmasters_row_fullwidth\">\n<div class=\"cmsmasters_row_margin\">\n<div id=\"cmsmasters_column_mm2m752zg\" class=\"cmsmasters_column one_first\">\n<div class=\"cmsmasters_column_inner\"><div class=\"aligncenter\"><div class=\"cmsmasters_img  cmsmasters_image_c\"><img decoding=\"async\" src=\"https:\/\/mehr-walter.de\/cms\/wp-content\/uploads\/2024\/03\/haarverlaengerung-friseur-abstatt-walter-3.png\" \/><\/div><\/div>\n<\/div><\/div>\n<\/div>\n<\/div>\n<\/div>\n<\/div>\n<\/div>\n<div id=\"cmsmasters_row_ioez3njpgp\" class=\"cmsmasters_row cmsmasters_color_scheme_default cmsmasters_row_top_default cmsmasters_row_bot_default cmsmasters_row_boxed\">\n<div class=\"cmsmasters_row_outer_parent\">\n<div class=\"cmsmasters_row_outer\">\n<div class=\"cmsmasters_row_inner\">\n<div class=\"cmsmasters_row_margin\">\n<div id=\"cmsmasters_column_ab47rgsyme\" class=\"cmsmasters_column one_first\">\n<div class=\"cmsmasters_column_inner\"><div class=\"cmsmasters_text\">\n<h4 style=\"text-align: center;\">Durch das schonende Verfahren mit Ultraschall werden die<br \/>\nhochwertigen Great Lengths \u2013 Haare mit dem Eigenhaar verbunden.<br \/>\nDie Verbindungsstellen sind daher sehr klein und flach.<\/h4>\n<h2 style=\"text-align: center;\"><strong>Die Stylingvariationen sind fantastisch gro\u00df.<\/strong><\/h2>\n<h4 style=\"text-align: center;\">Wir informieren Dich gerne ausf\u00fchrlich bei einem kostenlosen Beratungstermin.<\/h4>\n<\/div>\n<\/div><\/div>\n<\/div>\n<\/div>\n<\/div>\n<\/div>\n<\/div>\n\n","protected":false},"excerpt":{"rendered":"","protected":false},"author":1,"featured_media":0,"parent":16,"menu_order":0,"comment_status":"closed","ping_status":"closed","template":"","meta":{"footnotes":""},"class_list":["post-15731","page","type-page","status-publish","hentry"],"aioseo_notices":[],"_links":{"self":[{"href":"https:\/\/mehr-walter.de\/cms\/wp-json\/wp\/v2\/pages\/15731","targetHints":{"allow":["GET"]}}],"collection":[{"href":"https:\/\/mehr-walter.de\/cms\/wp-json\/wp\/v2\/pages"}],"about":[{"href":"https:\/\/mehr-walter.de\/cms\/wp-json\/wp\/v2\/types\/page"}],"author":[{"embeddable":true,"href":"https:\/\/mehr-walter.de\/cms\/wp-json\/wp\/v2\/users\/1"}],"replies":[{"embeddable":true,"href":"https:\/\/mehr-walter.de\/cms\/wp-json\/wp\/v2\/comments?post=15731"}],"version-history":[{"count":14,"href":"https:\/\/mehr-walter.de\/cms\/wp-json\/wp\/v2\/pages\/15731\/revisions"}],"predecessor-version":[{"id":15760,"href":"https:\/\/mehr-walter.de\/cms\/wp-json\/wp\/v2\/pages\/15731\/revisions\/15760"}],"up":[{"embeddable":true,"href":"https:\/\/mehr-walter.de\/cms\/wp-json\/wp\/v2\/pages\/16"}],"wp:attachment":[{"href":"https:\/\/mehr-walter.de\/cms\/wp-json\/wp\/v2\/media?parent=15731"}],"curies":[{"name":"wp","href":"https:\/\/api.w.org\/{rel}","templated":true}]}}